{"id":2,"date":"2020-12-04T10:46:37","date_gmt":"2020-12-04T09:46:37","guid":{"rendered":"http:\/\/dev-site.geeksingers.fr\/?page_id=2"},"modified":"2023-09-02T15:35:59","modified_gmt":"2023-09-02T13:35:59","slug":"page-d-exemple","status":"publish","type":"page","link":"https:\/\/geeksingers.fr\/","title":{"rendered":"La chorale"},"content":{"rendered":"<h1><\/h1>\n<h2>Le ch\u0153ur<\/h2>\n<p><img decoding=\"async\" loading=\"lazy\" src=\"https:\/\/geeksingers.fr\/wp-content\/uploads\/2021\/01\/presentation-1024x606.jpg\" alt=\"\" width=\"570\" height=\"337\" \/>La chorale des Geek Singers est une association parisienne d&rsquo;une vingtaine de chanteuses et chanteurs amateurs fond\u00e9e en 2016, reprenant <em>a cappella<\/em> des musiques de jeux vid\u00e9o, de films et d&rsquo;animes. Sous la direction de notre chef de ch\u0153ur Aymeric Olivaud, notre r\u00e9pertoire explore avec enthousiasme les nombreuses facettes des cultures de l&rsquo;imaginaire !<\/p>\n<p><em>Super Mario<\/em>, <em>The Legend of Zelda<\/em>, <em>Chrono Trigger<\/em>, <em>Final Fantasy<\/em>, <em>Donkey Kong<\/em>, <em>Castlevania<\/em>, <em>Metroid<\/em>, <em>Porco Rosso<\/em>\u00a0ou <em>Pok\u00e9mon<\/em>&#8230; Voyagez \u00e0 travers nos arrangements vocaux originaux, entre relecture de th\u00e8mes iconiques et d\u00e9couverte de pi\u00e8ces plus confidentielles, sous la plume d\u2019une \u00e9quipe d\u2019arrangeuses et arrangeurs passionn\u00e9\u00b7e\u00b7s !<\/p>\n<style type=\"text\/css\">\n\t\t\t#gallery-1 {<br \/>\n\t\t\t\tmargin: auto;<br \/>\n\t\t\t}<br \/>\n\t\t\t#gallery-1 .gallery-item {<br \/>\n\t\t\t\tfloat: left;<br \/>\n\t\t\t\tmargin-top: 10px;<br \/>\n\t\t\t\ttext-align: center;<br \/>\n\t\t\t\twidth: 20%;<br \/>\n\t\t\t}<br \/>\n\t\t\t#gallery-1 img {<br \/>\n\t\t\t\tborder: 2px solid #cfcfcf;<br \/>\n\t\t\t}<br \/>\n\t\t\t#gallery-1 .gallery-caption {<br \/>\n\t\t\t\tmargin-left: 0;<br \/>\n\t\t\t}<br \/>\n\t\t\t\/* see gallery_shortcode() in wp-includes\/media.php *\/<br \/>\n\t\t<\/style>\n<dl class=\"gallery-item\">\n<dt class=\"gallery-icon landscape\"><a href=\"https:\/\/geeksingers.fr\/wp-content\/uploads\/2020\/08\/GEEK-SINGERS-2019-Photo-de-la-chorale-comple\u0300te-17-scaled.jpg\" data-elementor-open-lightbox=\"yes\" data-elementor-lightbox-slideshow=\"dcdff33\" data-elementor-lightbox-title=\"Rentr\u00e9e 2019\/2020\"><img decoding=\"async\" loading=\"lazy\" src=\"https:\/\/geeksingers.fr\/wp-content\/uploads\/2020\/08\/GEEK-SINGERS-2019-Photo-de-la-chorale-comple\u0300te-17-150x150.jpg\" alt=\"rentree_2019\" width=\"150\" height=\"150\" \/><\/a><\/dt>\n<\/dl>\n<dl class=\"gallery-item\">\n<dt class=\"gallery-icon landscape\"><a href=\"https:\/\/geeksingers.fr\/wp-content\/uploads\/2021\/01\/IMG_0233-30-scaled.jpg\" data-elementor-open-lightbox=\"yes\" data-elementor-lightbox-slideshow=\"dcdff33\" data-elementor-lightbox-title=\"Emergenza 1er tour 2018\"><img decoding=\"async\" loading=\"lazy\" src=\"https:\/\/geeksingers.fr\/wp-content\/uploads\/2021\/01\/IMG_0233-30-150x150.jpg\" alt=\"\" width=\"150\" height=\"150\" \/><\/a><\/dt>\n<\/dl>\n<dl class=\"gallery-item\">\n<dt class=\"gallery-icon landscape\"><a href=\"https:\/\/geeksingers.fr\/wp-content\/uploads\/2021\/01\/Geeks-singers-Emergenza-3-signes-3-sur-15-scaled.jpg\" data-elementor-open-lightbox=\"yes\" data-elementor-lightbox-slideshow=\"dcdff33\" data-elementor-lightbox-title=\"Emergenza 3e tour 2018\"><img decoding=\"async\" loading=\"lazy\" src=\"https:\/\/geeksingers.fr\/wp-content\/uploads\/2021\/01\/Geeks-singers-Emergenza-3-signes-3-sur-15-150x150.jpg\" alt=\"\" width=\"150\" height=\"150\" \/><\/a><\/dt>\n<\/dl>\n<dl class=\"gallery-item\">\n<dt class=\"gallery-icon landscape\"><a href=\"https:\/\/geeksingers.fr\/wp-content\/uploads\/2021\/01\/Geeks-singers-Emergenza-3-signes-13-sur-15-scaled.jpg\" data-elementor-open-lightbox=\"yes\" data-elementor-lightbox-slideshow=\"dcdff33\" data-elementor-lightbox-title=\"Emergenza 3e tour 2018\"><img decoding=\"async\" loading=\"lazy\" src=\"https:\/\/geeksingers.fr\/wp-content\/uploads\/2021\/01\/Geeks-singers-Emergenza-3-signes-13-sur-15-150x150.jpg\" alt=\"\" width=\"150\" height=\"150\" \/><\/a><\/dt>\n<\/dl>\n<dl class=\"gallery-item\">\n<dt class=\"gallery-icon landscape\"><a href=\"https:\/\/geeksingers.fr\/wp-content\/uploads\/2021\/01\/SY0B7630-scaled.jpg\" data-elementor-open-lightbox=\"yes\" data-elementor-lightbox-slideshow=\"dcdff33\" data-elementor-lightbox-title=\"LoveCon 2019\"><img decoding=\"async\" loading=\"lazy\" src=\"https:\/\/geeksingers.fr\/wp-content\/uploads\/2021\/01\/SY0B7630-150x150.jpg\" alt=\"\" width=\"150\" height=\"150\" \/><\/a><\/dt>\n<\/dl>\n<dl class=\"gallery-item\">\n<dt class=\"gallery-icon landscape\"><a href=\"https:\/\/geeksingers.fr\/wp-content\/uploads\/2021\/01\/Geeks-singers-Exte-signes-41-sur-41-scaled.jpg\" data-elementor-open-lightbox=\"yes\" data-elementor-lightbox-slideshow=\"dcdff33\" data-elementor-lightbox-title=\"Manga Pop Gaming 2018\"><img decoding=\"async\" loading=\"lazy\" src=\"https:\/\/geeksingers.fr\/wp-content\/uploads\/2021\/01\/Geeks-singers-Exte-signes-41-sur-41-150x150.jpg\" alt=\"\" width=\"150\" height=\"150\" \/><\/a><\/dt>\n<\/dl>\n<dl class=\"gallery-item\">\n<dt class=\"gallery-icon landscape\"><a href=\"https:\/\/geeksingers.fr\/wp-content\/uploads\/2020\/09\/DSC01188-scaled.jpg\" data-elementor-open-lightbox=\"yes\" data-elementor-lightbox-slideshow=\"dcdff33\" data-elementor-lightbox-title=\"Stage ENS 2019\"><img decoding=\"async\" loading=\"lazy\" src=\"https:\/\/geeksingers.fr\/wp-content\/uploads\/2020\/09\/DSC01188-150x150.jpg\" alt=\"stage_2019\" width=\"150\" height=\"150\" \/><\/a><\/dt>\n<\/dl>\n<dl class=\"gallery-item\">\n<dt class=\"gallery-icon landscape\"><a href=\"https:\/\/geeksingers.fr\/wp-content\/uploads\/2021\/01\/Geeks-singers-Emergenza-3-signes-10-sur-15-scaled.jpg\" data-elementor-open-lightbox=\"yes\" data-elementor-lightbox-slideshow=\"dcdff33\" data-elementor-lightbox-title=\"Emergenza 3e tour 2018\"><img decoding=\"async\" loading=\"lazy\" src=\"https:\/\/geeksingers.fr\/wp-content\/uploads\/2021\/01\/Geeks-singers-Emergenza-3-signes-10-sur-15-150x150.jpg\" alt=\"\" width=\"150\" height=\"150\" \/><\/a><\/dt>\n<\/dl>\n<dl class=\"gallery-item\">\n<dt class=\"gallery-icon landscape\"><a href=\"https:\/\/geeksingers.fr\/wp-content\/uploads\/2021\/01\/IMG_5418.jpg\" data-elementor-open-lightbox=\"yes\" data-elementor-lightbox-slideshow=\"dcdff33\" data-elementor-lightbox-title=\"Japonaise EP7 2019\"><img decoding=\"async\" loading=\"lazy\" src=\"https:\/\/geeksingers.fr\/wp-content\/uploads\/2021\/01\/IMG_5418-150x150.jpg\" alt=\"\" width=\"150\" height=\"150\" \/><\/a><\/dt>\n<\/dl>\n<dl class=\"gallery-item\">\n<dt class=\"gallery-icon landscape\"><a href=\"https:\/\/geeksingers.fr\/wp-content\/uploads\/2021\/01\/IMG_0224-26-1-scaled.jpg\" data-elementor-open-lightbox=\"yes\" data-elementor-lightbox-slideshow=\"dcdff33\" data-elementor-lightbox-title=\"Emergenza 1er tour 2018\"><img decoding=\"async\" loading=\"lazy\" src=\"https:\/\/geeksingers.fr\/wp-content\/uploads\/2021\/01\/IMG_0224-26-1-150x150.jpg\" alt=\"\" width=\"150\" height=\"150\" \/><\/a><\/dt>\n<\/dl>\n<h1><\/h1>\n<h2 id=\"media\">Nos productions<\/h2>\n<p>Les spectacles des Geek Singers conjuguent le chant choral et la narration au cours de concerts sc\u00e9naris\u00e9s pendant lesquels, guid\u00e9\u00b7e\u00b7s par vos h\u00f4tes, vous voyagerez ainsi entre tableaux chor\u00e9graphi\u00e9s et musique ! Au-del\u00e0 de nos concerts <i>live<\/i>, nous partageons r\u00e9guli\u00e8rement nos cr\u00e9ations en ligne. Qu\u2019il s\u2019agisse de captations de concerts, d\u2019enregistrements en studio ou de clips \u00e9crits, tourn\u00e9s et mont\u00e9s par nos soins, vous retrouverez tout notre contenu sur notre <strong><a href=\"https:\/\/www.youtube.com\/channel\/UCPPJdlFkMXRUXUzn0mRYsQw\" target=\"_blank\" rel=\"noreferrer noopener\">cha\u00eene YouTube<\/a><\/strong> ou sur <strong><a href=\"https:\/\/soundcloud.com\/geeksingers\" target=\"_blank\" rel=\"noreferrer noopener\">Soundcloud<\/a><\/strong>.<\/p>\n<p><iframe loading=\"lazy\" title=\"Super Mario Odyssey - Jump up, Super Star! [LIVE] Geek Singers\" width=\"840\" height=\"473\" src=\"https:\/\/www.youtube.com\/embed\/KsnZAnqAqxo?list=PLPmPvZNXzvxldjdbiblarhCrcQ4pWcCJw\" frameborder=\"0\" allow=\"accelerometer; autoplay; clipboard-write; encrypted-media; gyroscope; picture-in-picture; web-share\" allowfullscreen><\/iframe><\/p>\n<h1><\/h1>\n<h2 id=\"partners\">Nos partenaires<\/h2>\n<p>Parce que notre aventure est loin d&rsquo;\u00eatre solitaire, nous tenons \u00e0 remercier nos diff\u00e9rents partenaires pour le soutien et les opportunit\u00e9s qu&rsquo;ils nous offrent : le Salon Fantastique, le Meisia, l&rsquo;Extra Life Caf\u00e9, le Centre Paris Anim\u2019 Victor Gelez, Emergenza, le Deux Point Z\u00e9ro, le Dernier Bar avant la Fin du Monde, La Poudri\u00e8re, Pixelophonia&#8230; Sans oublier ceux qui rendent possibles nos r\u00e9p\u00e9titions, enregistrements, stages et le traitement de nos contenus audiovisuels : l&rsquo;<a href=\"http:\/\/www.umj-asso.com\/\">Union des Musiciens de Jazz<\/a>, la <a href=\"https:\/\/www.mpaa.fr\/\">Maison des Pratiques Artistiques Amateurs<\/a>, le th\u00e9\u00e2tre de l&rsquo;<a href=\"https:\/\/www.ens.psl.eu\/des-campus-au-coeur-de-paris\/vie-associative-culturelle-et-sportive\">\u00c9cole Normale Sup\u00e9rieure de Paris<\/a> et <a href=\"http:\/\/www.jjamproductions.fr\/\">JJAM Productions<\/a>.<\/p>\n<style type=\"text\/css\">\n\t\t\t#gallery-2 {<br \/>\n\t\t\t\tmargin: auto;<br \/>\n\t\t\t}<br \/>\n\t\t\t#gallery-2 .gallery-item {<br \/>\n\t\t\t\tfloat: left;<br \/>\n\t\t\t\tmargin-top: 10px;<br \/>\n\t\t\t\ttext-align: center;<br \/>\n\t\t\t\twidth: 25%;<br \/>\n\t\t\t}<br \/>\n\t\t\t#gallery-2 img {<br \/>\n\t\t\t\tborder: 2px solid #cfcfcf;<br \/>\n\t\t\t}<br \/>\n\t\t\t#gallery-2 .gallery-caption {<br \/>\n\t\t\t\tmargin-left: 0;<br \/>\n\t\t\t}<br \/>\n\t\t\t\/* see gallery_shortcode() in wp-includes\/media.php *\/<br \/>\n\t\t<\/style>\n<dl class=\"gallery-item\">\n<dt class=\"gallery-icon landscape\"><img decoding=\"async\" loading=\"lazy\" src=\"https:\/\/geeksingers.fr\/wp-content\/uploads\/2020\/08\/859c5a98fe338dca16b527b5fa7fcfd6-150x150.jpg\" sizes=\"(max-width: 150px) 100vw, 150px\" srcset=\"https:\/\/geeksingers.fr\/wp-content\/uploads\/2020\/08\/859c5a98fe338dca16b527b5fa7fcfd6-150x150.jpg 150w, https:\/\/geeksingers.fr\/wp-content\/uploads\/2020\/08\/859c5a98fe338dca16b527b5fa7fcfd6-300x300.jpg 300w, https:\/\/geeksingers.fr\/wp-content\/uploads\/2020\/08\/859c5a98fe338dca16b527b5fa7fcfd6.jpg 380w\" alt=\"logo_mpaa\" width=\"150\" height=\"150\" \/><\/dt>\n<\/dl>\n<dl class=\"gallery-item\">\n<dt class=\"gallery-icon landscape\"><img decoding=\"async\" loading=\"lazy\" src=\"https:\/\/geeksingers.fr\/wp-content\/uploads\/2020\/11\/12091410_541576862673538_4225020788100327672_o-150x150.jpg\" sizes=\"(max-width: 150px) 100vw, 150px\" srcset=\"https:\/\/geeksingers.fr\/wp-content\/uploads\/2020\/11\/12091410_541576862673538_4225020788100327672_o-150x150.jpg 150w, https:\/\/geeksingers.fr\/wp-content\/uploads\/2020\/11\/12091410_541576862673538_4225020788100327672_o-300x300.jpg 300w, https:\/\/geeksingers.fr\/wp-content\/uploads\/2020\/11\/12091410_541576862673538_4225020788100327672_o-1024x1024.jpg 1024w, https:\/\/geeksingers.fr\/wp-content\/uploads\/2020\/11\/12091410_541576862673538_4225020788100327672_o-768x768.jpg 768w, https:\/\/geeksingers.fr\/wp-content\/uploads\/2020\/11\/12091410_541576862673538_4225020788100327672_o-1536x1536.jpg 1536w, https:\/\/geeksingers.fr\/wp-content\/uploads\/2020\/11\/12091410_541576862673538_4225020788100327672_o.jpg 2048w\" alt=\"logo_ENS\" width=\"150\" height=\"150\" \/><\/dt>\n<\/dl>\n<dl class=\"gallery-item\">\n<dt class=\"gallery-icon landscape\"><img decoding=\"async\" loading=\"lazy\" src=\"https:\/\/geeksingers.fr\/wp-content\/uploads\/2020\/11\/10712484_775179119220954_4544755475909162361_o-150x150.jpg\" sizes=\"(max-width: 150px) 100vw, 150px\" srcset=\"https:\/\/geeksingers.fr\/wp-content\/uploads\/2020\/11\/10712484_775179119220954_4544755475909162361_o-150x150.jpg 150w, https:\/\/geeksingers.fr\/wp-content\/uploads\/2020\/11\/10712484_775179119220954_4544755475909162361_o-300x300.jpg 300w, https:\/\/geeksingers.fr\/wp-content\/uploads\/2020\/11\/10712484_775179119220954_4544755475909162361_o-1024x1024.jpg 1024w, https:\/\/geeksingers.fr\/wp-content\/uploads\/2020\/11\/10712484_775179119220954_4544755475909162361_o-768x768.jpg 768w, https:\/\/geeksingers.fr\/wp-content\/uploads\/2020\/11\/10712484_775179119220954_4544755475909162361_o-1536x1536.jpg 1536w, https:\/\/geeksingers.fr\/wp-content\/uploads\/2020\/11\/10712484_775179119220954_4544755475909162361_o.jpg 2048w\" alt=\"logo_JJAM\" width=\"150\" height=\"150\" \/><\/dt>\n<\/dl>\n<dl class=\"gallery-item\">\n<dt class=\"gallery-icon landscape\"><img decoding=\"async\" loading=\"lazy\" src=\"https:\/\/geeksingers.fr\/wp-content\/uploads\/2020\/11\/12472235_10156467245240075_4490904632032736066_n-150x150.jpg\" sizes=\"(max-width: 150px) 100vw, 150px\" srcset=\"https:\/\/geeksingers.fr\/wp-content\/uploads\/2020\/11\/12472235_10156467245240075_4490904632032736066_n-150x150.jpg 150w, https:\/\/geeksingers.fr\/wp-content\/uploads\/2020\/11\/12472235_10156467245240075_4490904632032736066_n-300x300.jpg 300w, https:\/\/geeksingers.fr\/wp-content\/uploads\/2020\/11\/12472235_10156467245240075_4490904632032736066_n.jpg 701w\" alt=\"logo_UMJ\" width=\"150\" height=\"150\" \/><\/dt>\n<\/dl>\n<h1><\/h1>\n<h2 id=\"contact\">Nous contacter<\/h2>\n<p>Envie de nous rejoindre ? De vous renseigner sur nos spectacles ou d&rsquo;organiser un \u00e9v\u00e9nement sur mesure avec les Geek Singers ? \u00c9crivez-nous sans plus attendre \u00e0 l&rsquo;adresse \u00ab\u00a0contact [@] geeksingers.fr\u00a0\u00bb. Venez \u00e9galement suivre nos aventures sur nos r\u00e9seaux sociaux !<\/p>\n<p><a href=\"https:\/\/www.youtube.com\/c\/GeekSingers\/\" target=\"_blank\" rel=\"noopener\"><br \/>\nYoutube<br \/>\n<\/a><br \/>\n<a href=\"https:\/\/www.facebook.com\/GeekSingers\" target=\"_blank\" rel=\"noopener\"><br \/>\nFacebook<br \/>\n<\/a><br \/>\n<a target=\"_blank\" rel=\"noopener\"><br \/>\nTwitter<br \/>\n<\/a><br \/>\n<a href=\"https:\/\/soundcloud.com\/geeksingers\" target=\"_blank\" rel=\"noopener\"><br \/>\nSoundcloud<br \/>\n<\/a><br \/>\n<a target=\"_blank\" rel=\"noopener\"><br \/>\nInstagram<br \/>\n<\/a><br \/>\n<a href=\"http:\/\/geek.singers@gmail.com\" target=\"_blank\" rel=\"noopener\"><br \/>\nEnvelope<br \/>\n<\/a><\/p>\n","protected":false},"excerpt":{"rendered":"<p>Le ch\u0153ur La chorale des Geek Singers est une association parisienne d&rsquo;une vingtaine de chanteuses et chanteurs amateurs fond\u00e9e en 2016, reprenant a cappella des musiques de jeux vid\u00e9o, de films et d&rsquo;animes. Sous la direction de notre chef de ch\u0153ur Aymeric Olivaud, notre r\u00e9pertoire <span class=\"read-more\"><a class=\"more-link btn btn-transparent\" href=\"https:\/\/geeksingers.fr\/\">Lire la suite . . .<\/a><\/span><\/p>\n","protected":false},"author":1,"featured_media":0,"parent":0,"menu_order":0,"comment_status":"closed","ping_status":"closed","template":"","meta":{"footnotes":""},"_links":{"self":[{"href":"https:\/\/geeksingers.fr\/index.php?rest_route=\/wp\/v2\/pages\/2"}],"collection":[{"href":"https:\/\/geeksingers.fr\/index.php?rest_route=\/wp\/v2\/pages"}],"about":[{"href":"https:\/\/geeksingers.fr\/index.php?rest_route=\/wp\/v2\/types\/page"}],"author":[{"embeddable":true,"href":"https:\/\/geeksingers.fr\/index.php?rest_route=\/wp\/v2\/users\/1"}],"replies":[{"embeddable":true,"href":"https:\/\/geeksingers.fr\/index.php?rest_route=%2Fwp%2Fv2%2Fcomments&post=2"}],"version-history":[{"count":290,"href":"https:\/\/geeksingers.fr\/index.php?rest_route=\/wp\/v2\/pages\/2\/revisions"}],"predecessor-version":[{"id":546,"href":"https:\/\/geeksingers.fr\/index.php?rest_route=\/wp\/v2\/pages\/2\/revisions\/546"}],"wp:attachment":[{"href":"https:\/\/geeksingers.fr\/index.php?rest_route=%2Fwp%2Fv2%2Fmedia&parent=2"}],"curies":[{"name":"wp","href":"https:\/\/api.w.org\/{rel}","templated":true}]}}